 j. Is (2 + (-166)/c)*-3 a prime number?
False
Let g(p) = 17*p + 2. Let d be g(-5). Let b = -49 - d. Is b composite?
True
Let t(h) = 0 - 2 + h**2 - 2 - 3*h + 2*h**2. Suppose 7 = 2*i + 1. Is t(i) composite?
True
Let o(b) = b**2 - 15*b - 33. Is o(20) composite?
False
Suppose 7*x - 4*x = 0. Suppose 0*t + 2*t + 4*l - 910 = x, -5*t = -5*l - 2200. Is t prime?
False
Suppose 0 = -5*l - 4*i - 4, -5*l = 3*i - 0 + 3. Is l + 0 - (-5 - 8) composite?
False
Is (-11)/(-1) + -2*2 prime?
True
Suppose -3*x + 2*x = 3*n - 16, 3*n - 17 = -2*x. Suppose -880 = n*w - 210. Is w/4*4/(-2) prime?
True
Let s be (-8)/(-12)*3/2. Let u be (s - 50)*(0 - 1). Is -1*(3 + -1 - u) composite?
False
Is 802 - 12/(-4)*-1 composite?
True
Let z be (-45)/6*(-18)/15. Let l(f) = 3*f + 10. Let h be l(z). Suppose -q = -4*r + 232, -2*r = 5*q - h - 57. Is r a prime number?
False
Let i(o) = o**2. Let t(h) = -7*h**2 + h - 5. Let x(u) = -6*i(u) - t(u). Let k = -5 - -10. Is x(k) a composite number?
True
Suppose 0 = -7*i + 3*i + 1660. Is i a prime number?
False
Let m(i) = 3*i**2 - 4*i**2 - 10*i + 2 + 1. Let x = -1 - 7. Is m(x) a prime number?
True
Let s = 1 - -190. Is s a composite number?
False
Let b(c) = -20*c**3 + c. Let f be b(-1). Suppose 2*q + 5*l + 41 = 10, 2*q + 4*l = -30. Let s = q + f. Is s a prime number?
False
Let o(h) = 3*h**3 - 4*h**2 - 6*h + 4. Let q be o(4). Let u = 19 + q. Is u a prime number?
True
Suppose 0 = -4*y + 4*w + 14 - 2, 0 = 3*w - 15. Suppose 0 = -5*i + 3*i + y. Suppose 3*v + 2*v = i*t + 142, -3*t + 43 = 2*v. Is v a composite number?
True
Suppose 2*a = 4*a - 16. Let b be (4/(-1))/(a/12). Is ((-14)/b)/((-3)/(-45)) a prime number?
False
Is ((-11768)/(-16) + 3)*2*1 prime?
False
Let z(a) be the third derivative of -71*a**6/120 + a**5/30 + a**4/8 - a**3/3 + a**2. Let d be z(-3). Suppose 5*q - 291 = d. Is q a prime number?
True
Suppose 0 = 3*h - 0*h - 12. Is (1570/h)/(-5)*-2 prime?
True
Suppose 4*p = -h - 4*h + 11649, 4*h = -5*p + 9312. Is h a prime number?
True
Let i(v) = 49*v. Let p be i(1). Let w = p + 18. Suppose -a - w = -2*a. Is a prime?
True
Let z(k) = k**3 - 4*k**2 - 3*k - 3. Let m be z(5). Is 147/4 - m/(-28) a composite number?
False
Suppose -2*t = 3*t - x - 5, -3*t - 4*x = 20. Suppose t = -5*f - 4*h + 261, -3*h = 2*h - 20. Is f a composite number?
True
Let f be (1/(-2))/((-4)/16). Let k(c) = c**2 - c + 37. Let r be k(0). Suppose r = -g + f*g. Is g prime?
True
Suppose 2*b - 4*v + 138 = 0, -4*b + 44 = -5*v + 323. Let f = 104 + b. Is f prime?
False
Let k(r) = 4*r**2 - r - 3. Let c be k(5). Suppose 0 = -5*o + j + c + 33, 3*j - 67 = -2*o. Is o a composite number?
True
Suppose 4 = 3*t - 11. Suppose -t*l + 231 + 54 = 0. Is l a composite number?
True
Is (-4134)/(-14) + (32/(-28))/4 composite?
True
Let c(x) = -x**3 + 13*x**2 + 2. Is c(9) a composite number?
True
Suppose 11 = -3*j + 2. Let f(r) = -7*r**3 + 2*r + 2. Let g(c) = -15*c**3 + 5*c + 4. Let k(z) = 7*f(z) - 3*g(z). Is k(j) composite?
False
Let l = 3 - 1. Suppose -l*t = 19 - 127. Suppose 2*q + 3*p = t, 0 = q + 3*p + 6 - 27. Is q prime?
False
Let p(x) = x + 7. Suppose 0 = -4*i + 6*i - 28. Is p(i) a prime number?
False
Let q = 598 + 15. Is q a prime number?
True
Suppose 86 = 3*i - 22. Suppose 0 = -5*w + w + i. Is w composite?
True
Let x(f) = 9*f + 9. Let l(c) = -8*c - 9. Let v = -7 + 10. Let y(b) = v*x(b) + 4*l(b). Is y(-6) a prime number?
False
Let q(n) = 6*n**3 + n**2 - 2*n - 2. Is q(3) composite?
False
Suppose 2*z = g + 378, -5*z - 4*g - g = -975. Is z a prime number?
True
Is (-534)/12*1*-14 a composite number?
True
Let n(k) = -2*k + 7*k - 4*k + 1. Suppose 4 = j - 2. Is n(j) prime?
True
Let d = -1 + 6. Suppose d*x - 434 = 491. Is x a composite number?
True
Let k(d) = -d**3 + 6*d**2 - d + 8. Let n be k(6). Suppose 388 = n*u + 2*u. Is u composite?
False
Is 0 - -249 - 24/(-6) prime?
False
Let c(y) = y**3 + 6*y**2 + 3*y - 6. Let v be 2 - 1/(-2)*-14. Let i be c(v). Suppose -41 - 3 = -i*m. Is m prime?
True
Let j(l) = -2*l**3 - 4*l**2 - 2*l + 19. Is j(-6) a prime number?
False
Let p(k) = -k**2 + 7*k - 3. Let a be p(7). Let g be 1 + a + (-3)/3. Let n(h) = -19*h - 4. Is n(g) composite?
False
Let g be ((-172)/6)/(1/(-3)). Suppose 3*q - q - g = 0. Is q prime?
True
Let w(z) = z. Let q be w(-5). Let x(g) = -2*g**3 - 3*g**2 + 5*g - 5. Is x(q) composite?
True
Let n(d) be the second derivative of 13*d**3/3 + d**2/2 - 2*d. Is n(2) a composite number?
False
Let c(r) = r**2 - r + 22. Let p be 0*(-2)/(-5 - 1). Is c(p) a prime number?
False
Suppose 4*l + 5*i = -28, -3*l - 4*i - 18 = -i. Let j be (l - -1) + (58 - 0). Suppose -5*a + j = -128. Is a a prime number?
True
Let q = 72 - -221. Is q a composite number?
False
Let o(q) = 6*q**3 - q**2 + 1. Let w be o(1). Let m be w + (2 - 7 - -3). Suppose 0*y = m*y - 212. Is y a composite number?
False
Let r(u) = -54*u - 1. Is r(-1) composite?
False
Let j(g) = g**2 + 5*g. Suppose -4*f + q = 21, 5*f - 2*q = q - 28. Let z be j(f). Is (z - 1) + 5*4 composite?
False
Let p = 12 + -7. Suppose 0 = p*l - o - 19, 4*l - 4*o = -o + 24. Suppose -l*g + 345 = 2*g. Is g a prime number?
False
Let t = 2751 + -904. Is t a composite number?
False
Let v(a) = a**3 - 7*a**2 - 9*a + 8. Let d be v(8). Let s = d + 1. Is (13/4)/s*12 a composite number?
True
Is (((-532)/4 - -3) + 3)*-7 a composite number?
True
Is 470*(-4)/(-8)*3/3 a composite number?
True
Let b be -3*6/(-9) + 5. Suppose 2*n - 5*x - 13 = 0, -4*n + b*x = 4*x - 5. Let l = 13 - n. Is l composite?
True
Suppose -14 = 4*c - 2*r, 0 = -6*c + 2*c - 3*r + 11. Let w be c + 29*(1 + 1). Suppose -3*h + 3*z + 90 = 0, 2*h - 2*z - w = 3*z. Is h a composite number?
False
Suppose 3*k - 579 = 378. Is k composite?
True
Let r = -749 + 1270. Is r a composite number?
False
Let n(d) = -2 - 4*d + 7*d + 11 - 2. Is n(5) prime?
False
Suppose 20 = 3*g + g. Suppose 2*v - v = 4*q - 185, -g*q + 250 = 5*v. Is q a prime number?
True
Suppose -2*w + 25 = 3*i, -w - 4*w + 10 = -3*i. Let p(s) = 10*s - 1. Is p(w) a composite number?
True
Let o = 195 - 108. Let v = 140 - o. Is v composite?
False
Let y(d) = 12*d**2 - 6*d + 4. Let s be y(-5). Suppose -471 = -5*r + s. Is r composite?
True
Let u(t) be the second derivative of 17*t**4/12 - t**3 + 2*t**2 - 4*t. Let f be u(4). Let p = f - 167. Is p prime?
False
Let i = -32 - -48. Suppose 2*o + 2*o = -t + i, -3*o + 12 = 2*t. Is (t + 1)/(3/159) prime?
True
Let v = 2462 + -1645. Is v composite?
True
Let x be (-2)/((-67)/65 - -1). Suppose o + 3*q = 50, -4*o + 170 = 5*q - x. Is o prime?
False
Suppose -4*z - 6 = 2*w, -z = 4*w + 2*z - 3. Is 255/w + -4 + 2 a composite number?
False
Let m(a) = a**3 + 6*a**2 + 5*a + 4. Let o be m(-5). Let h = 1 + 1. Suppose 0 = h*i + o*z + 5 - 15, 4*z - 19 = -5*i. Is i composite?
False
Let f(a) = 231*a - 5. Is f(4) composite?
False
Let n = -359 - -929. Let j = 989 - n. Is j a composite number?
False
Let p(x) = -4*x + 2. Let s be p(-3). Let a be s/8 + (-5)/(-20). Suppose -103 = -3*i - 2*f + 3*f, 0 = -a*i + f + 68. Is i composite?
True
Let k(v) = v - 7. Let l(h) = 4*h - 3. Let q be l(2). Let i be k(q). Is (-7)/i*(-4 - -6) a prime number?
True
Suppose 24 = -2*f + 5*f. Let a(p) = p**3 - 9*p**2 + 9*p + 6. Is a(f) prime?
False
Let k(y) = y + 13. Let x be ((-3)/(-2))/(1/(-6)). Let a be k(x). Suppose i + 69 = a*i. Is i a prime number?
True
Let j(d) = -d**3 + 7*d**2 + 9*d - 1. Suppose 3*b + 4*w - 14 = 24, -b + 16 = 2*w. Is j(b) composite?
False
Suppose -73 = 2*t - 215. Let o = 232 - t. Is o a composite number?
True
Let o = 20 + 31. Is o composite?
True
Is ((-2)/(-3))/((-2)/(-993)) prime?
True
Let u(j) = 3*j**3 + j**2 + 2*j - 1. Suppose 4*y + i + 0*i = 3, -2*y - i - 1 = 0. Is u(y) prime?
True
Is (-2 - (-7 - -3)) + 899 composite?
True
Let v be (-10)/25 + (-34)/(-10). Let w = v + -3. Suppose 0 = 3*t - w*t - 237. Is t prime?
True
Let q(z) = -24*z - 6. Let j be q(-8). Let u = -59 + j. Is u a composite number?
False
Suppose -2*a = a - 12. Suppose -8 = -0*u - a*u. Suppose 2*v - u*l - 26 = 0, -5*v = 5*l - 5 - 40. Is v a composite number?
False
Let d be 0/(-3)*(2 - 3). Suppose d*s = -s + 24. Suppose -2*f = 2*f - s. Is f composite?
True
Is 2/(-9) - 31198/(-18) prime?
True
Let f = 294 + -185. Is f a prime number?
True
Let c(k) = k**3 - 2*k + 85. Is c(0) a composite number?
True
Let m be 1/(-3) + (-2514)/(-9). Let j = m + -160. Is j prime?
False
Let o(i)